f 131?
False
Is 100 a factor of 11100?
True
Is 939 a multiple of 2?
False
Does 5 divide 3905?
True
Does 14 divide 84601?
False
Does 74 divide 62718?
False
Is 276 a multiple of 69?
True
Is 4713 a multiple of 133?
False
Is 723 a multiple of 5?
False
Does 183 divide 93696?
True
Does 4 divide 1196?
True
Is 1492 a multiple of 6?
False
Does 11 divide 1850?
False
Does 10 divide 5969?
False
Is 29106 a multiple of 11?
True
Is 62336 a multiple of 118?
False
Is 31 a factor of 41943?
True
Does 90 divide 2250?
True
Is 6 a factor of 582?
True
Does 6 divide 1164?
True
Does 11 divide 1667?
False
Does 5 divide 30?
True
Does 2 divide 1785?
False
Is 1428 a multiple of 84?
True
Is 27 a factor of 6237?
True
Does 169 divide 12040?
False
Does 141 divide 32302?
False
Does 34 divide 40256?
True
Is 1968 a multiple of 12?
True
Is 11768 a multiple of 91?
False
Does 119 divide 2023?
True
Does 19 divide 3459?
False
Is 25 a factor of 21675?
True
Is 4182 a multiple of 34?
True
Does 24 divide 2351?
False
Is 12 a factor of 3891?
False
Is 435 a multiple of 29?
True
Is 378 a multiple of 7?
True
Is 1545 a multiple of 103?
True
Does 135 divide 1485?
True
Is 264 a factor of 98768?
False
Is 2754 a multiple of 51?
True
Is 10679 a multiple of 8?
False
Does 253 divide 2642?
False
Is 96 even?
True
Is 114 a factor of 30784?
False
Is 94 a factor of 2726?
True
Does 24 divide 828?
False
Is 3920 a multiple of 80?
True
Does 54 divide 41364?
True
Is 11 a factor of 143?
True
Is 11 a factor of 7634?
True
Does 6 divide 54?
True
Is 630 a multiple of 63?
True
Does 61 divide 15494?
True
Does 202 divide 11918?
True
Is 2494 a multiple of 255?
False
Is 20677 a multiple of 31?
True
Is 1959 a multiple of 47?
False
Is 15756 a multiple of 122?
False
Does 84 divide 20160?
True
Is 23 a factor of 130568?
False
Is 3326 a multiple of 25?
False
Is 22 a factor of 21194?
False
Is 11 a factor of 187?
True
Does 14 divide 16774?
False
Is 68 a factor of 22928?
False
Is 33 a factor of 1345?
False
Is 166562 a multiple of 19?
False
Does 12 divide 132?
True
Does 93 divide 5519?
False
Does 12 divide 1193?
False
Is 7 a factor of 7?
True
Is 70697 a multiple of 17?
False
Does 3 divide 1518?
True
Is 1450 a multiple of 74?
False
Is 919 a multiple of 29?
False
Does 110 divide 28663?
False
Is 73 a factor of 483?
False
Is 26 a factor of 29510?
True
Does 5 divide 2245?
True
Does 216 divide 92324?
False
Is 13 a factor of 878?
False
Does 4 divide 7350?
False
Does 4 divide 456?
True
Is 10 a factor of 350?
True
Is 810 a multiple of 30?
True
Does 41 divide 1494?
False
Is 8200 a multiple of 25?
True
Is 490 even?
True
Is 25137 a multiple of 33?
False
Does 3 divide 69?
True
Is 15 a factor of 14402?
False
Is 853 a multiple of 80?
False
Is 25123 a multiple of 37?
True
Is 7 a factor of 28203?
True
Does 10 divide 2090?
True
Is 6 a factor of 1188?
True
Does 20 divide 7600?
True
Does 119 divide 5947?
False
Is 35 a factor of 2870?
True
Is 57 a factor of 15276?
True
Is 1073 a multiple of 80?
False
Does 28 divide 12013?
False
Is 47 a factor of 2162?
True
Does 9 divide 3009?
False
Is 10 a factor of 18880?
True
Is 20 a factor of 129?
False
Is 13 a factor of 370?
False
Is 270 a multiple of 10?
True
Does 2 divide 228?
True
Is 7804 a multiple of 29?
False
Does 8 divide 216?
True
Is 115 a factor of 690?
True
Is 288 a multiple of 3?
True
Is 212 a multiple of 6?
False
Does 9 divide 3232?
False
Is 917 a multiple of 11?
False
Is 828 a multiple of 12?
True
Does 58 divide 24763?
False
Does 10 divide 1415?
False
Does 7 divide 1869?
True
Is 844 a multiple of 3?
False
Is 1909 a multiple of 46?
False
Is 2999 a multiple of 92?
False
Does 12 divide 648?
True
Is 25 a factor of 9843?
False
Does 13 divide 65?
True
Is 42 a multiple of 3?
True
Is 65 a factor of 1300?
True
Does 132 divide 1716?
True
Does 3 divide 8261?
False
Is 594 a multiple of 11?
True
Is 3 a factor of 1118?
False
Is 12 a multiple of 12?
True
Is 39995 a multiple of 16?
False
Is 213 a multiple of 10?
False
Does 9 divide 219?
False
Does 88 divide 9398?
False
Is 6 a factor of 246?
True
Does 8 divide 540?
False
Is 59 a factor of 5664?
True
Is 1345 a multiple of 42?
False
Is 11 a factor of 74702?
False
Is 6623 a multiple of 37?
True
Is 1139 a multiple of 39?
False
Is 161 a factor of 20186?
False
Does 52 divide 8494?
False
Is 918 a multiple of 18?
True
Is 5 a factor of 1116?
False
Is 26 a factor of 780?
True
Does 75 divide 13425?
True
Is 143 a factor of 10046?
False
Is 10 a factor of 100900?
True
Is 211 a multiple of 47?
False
Is 3 a factor of 7291?
False
Does 25 divide 1075?
True
Is 460 a multiple of 20?
True
Is 23 a factor of 8418?
True
Is 4272 a multiple of 6?
True
Is 990 a multiple of 11?
True
Is 1896 a multiple of 24?
True
Does 3 divide 7302?
True
Is 7 a factor of 1764?
True
Does 34 divide 11430?
False
Is 57 a factor of 741?
True
Does 38 divide 6114?
False
Does 201 divide 3618?
True
Is 125 a factor of 18625?
True
Is 357 a multiple of 13?
False
Does 32 divide 16452?
False
Is 23112 a multiple of 12?
True
Is 425 a multiple of 25?
True
Is 16 a factor of 5416?
False
Does 10 divide 3794?
False
Is 3233 a multiple of 53?
True
Does 15 divide 3375?
True
Is 30 a factor of 327?
False
Is 375 a multiple of 59?
False
Does 16 divide 3808?
True
Does 9 divide 6939?
True
Is 19 a factor of 209?
True
Is 22 a factor of 12716?
True
Is 7 a factor of 157?
False
Is 43 a factor of 145297?
True
Is 30 a factor of 5874?
False
Is 21 a factor of 30662?
False
Is 16 a factor of 64?
True
Is 10290 a multiple of 14?
True
Is 30035 a multiple of 32?
False
Does 156 divide 17280?
False
Does 26 divide 101975?
False
Does 63 divide 315?
True
Is 15 a factor of 75?
True
Is 13 a factor of 14565?
False
Is 9 a multiple of 2?
False
Is 249 a factor of 14442?
True
Is 45 a factor of 38115?
True
Is 25 a factor of 1275?
True
Is 85 a factor of 18465?
False
Is 61 a factor of 11041?
True
Is 5 a factor of 22430?
True
Is 31 a factor of 930?
True
Is 1247 a multiple of 43?
True
Does 3 divide 6109?
False
Is 8 a factor of 15760?
True
Is 24242 a multiple of 130?
False
Is 11 a factor of 3454?
True
Is 103 a factor of 2369?
True
Is 27 a factor of 28512?
True
Does 120 divide 240?
True
Is 63 a factor of 13509?
False
Does 170 divide 19040?
True
Is 4 a factor of 768?
True
Is 40607 a multiple of 15?
False
Does 3 divide 1322?
False
Is 1625 a multiple of 25?
True
Is 17 a factor of 1751?
True
Is 17 a factor of 2992?
True
Does 36 divide 1080?
True
Is 26 a factor of 838?
False
Is 13 a factor of 3857?
False
Does 269 divide 12858?
False
Is 12 a factor of 2340?
True
Is 22214 a multiple of 10?
False
Is 5 a factor of 5705?
True
Is 4 a factor of 3246?
False
Does 5 divide 19995?
True
Is 36 a factor of 15228?
True
Does 84 divide 672?
True
Is 4 a factor of 438?
False
Is 3939 a multiple of 102?
False
Does 16 divide 400?
True
Is 7 a factor of 178?
False
Is 4293 a multiple of 8?
False
Is 1658 even?
True
Does 6 divide 2075?
False
Does 6 divide 19458?
True
Is 11 a factor of 693?
True
Does 93 divide 1364?
False
Does 11 divide 1397?
True
Does 6 divide 357?
False
Is 16 a factor of 359?
False
Is 2768 a multiple of 65?
False
Is 270 a multiple of 27?
True
Is 4710 a multiple of 17?
False
Does 184 divide 38900?
False
Does 55 divide 5902?
False
Is 214 a factor of 28768?
False
Is 28 a factor of 392?
True
Is 26 a multiple of 4?
False
Is 1350 a multiple of 18?
True
Is 912 even?
True
Is 73 a factor of 5877?
False
Is 2233 a multiple of 11?
True
Is 863 a multiple of 13?
False
Does 193 divide 193?
True
Is 24 a factor of 11203?
False
Is 16 a factor of 437?
False
Is 35 a multiple of 2?
False
Does 4 divide 259?
False
Is 10036 a multiple of 13?
True
Does 19 divide 247?
True
Is 14184 a multiple of 48?
False
Is 25 a factor of 16083?
False
Is 64148 a multiple of 14?
True
Is 216 a factor of 12658?
False
Is 876 a multiple of 12?
True
Does 46 divide 1564?
True
Does 20 divide 2640?
True
Is 1876 a multiple of 3?
False
Does 55 divide 19525?
True
Is 14 a factor of 494?
False
Is 17246 a multiple of 46?
False
Is 3293 a multiple of 36?
False
Does 7 divide 910?
True
Does 30 divide 1432?
False
Is 6037 a multiple of 22?
False
Is 5914 a multiple of 71?
False
Is 9 a factor of 5253?
False
Is 16 a factor of 80?
True
Does 73 divide 198?
False
Is 19 a factor of 26168?
False
Is 702 a multiple of 60?
False
Does 56 divide 7529?
False